{"id":1184,"date":"2021-03-08T15:17:26","date_gmt":"2021-03-08T13:17:26","guid":{"rendered":"https:\/\/lr-revision.se\/varberg\/lediga-jobb\/"},"modified":"2021-09-17T10:14:05","modified_gmt":"2021-09-17T08:14:05","slug":"lediga-jobb","status":"publish","type":"page","link":"https:\/\/lr-revision.se\/varberg\/lediga-jobb\/","title":{"rendered":"Lediga jobb"},"content":{"rendered":"\n<div class=\"wp-block-columns is-layout-flex wp-container-core-columns-is-layout-9d6595d7 wp-block-columns-is-layout-flex\">\n<div class=\"wp-block-column is-layout-flow wp-block-column-is-layout-flow\" style=\"flex-basis:70%\">\n<h1 class=\"title title--primary wp-block-heading\">Lediga jobb<\/h1>\n\n\n\n<p>Vi \u00e4r intresserade av medarbetare som vill arbeta med redovisning, r\u00e5dgivning och revision i sm\u00e5 och medelstora f\u00f6retag. F\u00f6r att arbeta hos oss \u00e4r r\u00e4tt kompetens en n\u00f6dv\u00e4ndighet, men \u00e4n viktigare \u00e4r ditt engagemang. <a href=\"https:\/\/lr-revision.se\/varberg\/kontakt\" target=\"_blank\" rel=\"noreferrer noopener\">Kontakta oss<\/a> om du \u00e4r intresserad.<\/p>\n\n\n<div id=\"jobs-block_6058b0aa7c0ef\" class=\"acf-block jobs\">\n    <div class=\"block__content space-y-4 spacing-block\">\n        \n<div class=\"accordion max-w-5xl mx-auto slide-component bg-tertiary shadow-sm\">\n    <div class=\"slide-toggle flex font-bold justify-between items-center py-5 px-8\">\n        <div class=\"max-w-content pointer-events-none pr-4 mr-auto\">\n            <div class=\"text-md font-bold\">\n                Redovisningskonsult s\u00f6kes till v\u00e4xande revisions- och redovisningsbyr\u00e5 i Veddige            <\/div>\n            <div class=\"text-sm font-light\">\n                            <\/div>\n        <\/div>\n        <i class='fas fa-chevron-down pointer-events-none'><\/i>\n    <\/div>\n    <div class=\"card__content typography hidden slide-content bg-neutral\">\n        <div class=\"md:flex\">\n            <div class=\"md:w-7\/12 p-8\">\n                <div class=\"max-w-4xl max-w-content\">\n                    <p><strong>Vill du arbeta n\u00e4ra f\u00f6retagare och bidra till deras ekonomiska framg\u00e5ng? LR Revision &amp; Redovisning Varberg s\u00f6ker nu en engagerad redovisningskonsult till deras revisions- och redovisningsbyr\u00e5 till Veddigekontoret. H\u00e4r f\u00e5r du en stabil arbetsplats med korta beslutsv\u00e4gar, trevliga kollegor och m\u00f6jlighet att utvecklas i din yrkesroll. Du f\u00e5r fr\u00e5n f\u00f6rsta dagen arbeta n\u00e4ra kunder och ta ett stort eget ansvar.<\/strong><\/p>\n<p><strong>Om tj\u00e4nsten<br \/>\n<\/strong>Som redovisningskonsult hos oss arbetar du med l\u00f6pande bokf\u00f6ring, bokslut, \u00e5rsredovisningar, deklarationer och r\u00e5dgivning till v\u00e5ra kunder. Du kommer att ha en egen kundportf\u00f6lj men ocks\u00e5 arbeta i n\u00e4ra samarbete med v\u00e5ra revisorer och \u00f6vriga medarbetare. V\u00e5rt huvudsakliga klientel best\u00e5r av aktiebolag samt enskilda firmor, men \u00e4ven andra associationsformer kan f\u00f6rekomma. Arbetet sker p\u00e5 plats i Veddige.<\/p>\n<p><strong>Vi s\u00f6ker dig som<br \/>\n<\/strong>&#8211; Har erfarenhet av redovisning, antingen fr\u00e5n byr\u00e5 eller liknande roll. \u00c4ven nyexaminerade kan vara av intresse<br \/>\n&#8211; Har l\u00e4tt f\u00f6r att samarbeta och \u00e4r \u00f6dmjuk inf\u00f6r att arbeta i grupp.<br \/>\n&#8211; \u00c4r noggrann, serviceinriktad och har l\u00e4tt f\u00f6r att skapa goda relationer med kunder.<br \/>\n&#8211; Har relevant utbildning inom ekonomi\/redovisning (t.ex. YH, h\u00f6gskola eller motsvarande erfarenhet)<br \/>\n&#8211; Har erfarenhet\/kunskap om att g\u00f6ra l\u00f6pande l\u00f6ner.<br \/>\n&#8211; Har god vana av att arbeta i ekonomisystem (Fortnox, &#8221;bokslut och skatt fr\u00e5n Wolter Kluver&#8221;) och med digitala verktyg.<br \/>\n&#8211; Det \u00e4r \u00e4ven meriterande om du har kunskap kring att deklarera f\u00f6r enskilda n\u00e4ringsidkare d\u00e4r verksamheten best\u00e5r av innehav av skog- och lantbruk.<\/p>\n<p><strong>\u00a0Vi erbjuder<br \/>\n<\/strong>&#8211; \u00a0En\u00a0<strong>fast heltidsanst\u00e4llning\u00a0<\/strong>med\u00a0<strong>fast l\u00f6n<\/strong>.<br \/>\n&#8211; L\u00f6n och ansvarsniv\u00e5 anpassas efter\u00a0<strong>erfarenhet<\/strong>.<br \/>\n<strong>&#8211; En trivsam arbetsmilj\u00f6\u00a0<\/strong>i hj\u00e4rtat av Veddige, d\u00e4r samarbete och kvalitet st\u00e5r i centrum.<br \/>\n&#8211; <strong>M\u00f6jlighet att utvecklas<\/strong>\u00a0inom redovisning, revision och r\u00e5dgivning.<\/p>\n<p><strong>Placering:<\/strong>\u00a0Tj\u00e4nsten \u00e4r p\u00e5 plats i\u00a0<strong>Veddige<\/strong>.<\/p>\n<p><strong>Ans\u00f6kan<br \/>\n<\/strong>V\u00e4lkommen att skicka in din ans\u00f6kan med CV och ett kort personligt brev direkt via v\u00e5r annons i <a href=\"https:\/\/www.linkedin.com\/jobs\/view\/4337919375\">LinkedIn<\/a> eller maila in det till\u00a0<a href=\"m&#97;&#105;&#x6c;&#x74;&#x6f;:&#109;&#97;&#x6c;&#x69;&#x6e;&#46;k&#106;&#x65;&#x6c;&#x6c;be&#114;&#103;&#x40;&#x6c;&#x72;-&#114;&#101;&#x76;&#x69;&#x73;i&#111;&#110;&#x2e;&#x73;&#x65;\">&#109;&#x61;&#108;&#x69;n&#x2e;k&#106;&#x65;&#108;&#x6c;&#98;&#x65;r&#x67;&#64;&#108;&#x72;&#45;&#x72;e&#x76;i&#x73;&#x69;&#111;&#x6e;&#46;&#x73;e<\/a>\u00a0\u00a0Urval sker l\u00f6pande, s\u00e5 v\u00e4nta inte med att h\u00f6ra av dig.<\/p>\n<p>Har du fr\u00e5gor om tj\u00e4nsten \u00e4r du v\u00e4lkommen att kontakta oss via e-post eller telefon.<\/p>\n                <\/div>\n            <\/div>\n            <div class=\"md:w-5\/12 p-8\">\n                <div class=\"text-md font-bold mb-4\">\n                    Ans\u00f6kan                <\/div>\n                                    <div class=\"email-copy flex justify-between bg-tertiary mb-4\">\n                        <a href=\"mailto:mali&#110;&#046;&#107;&#106;&#101;&#x6c;&#x6c;&#x62;&#x65;&#x72;&#x67;&#x40;lr-r&#101;&#118;&#105;&#115;&#105;&#x6f;&#x6e;&#x2e;&#x73;&#x65;\" class=\"flex-1 p-4 link link--primary font-normal h-full\">\n                            mali&#110;&#046;&#107;&#106;&#101;&#x6c;&#x6c;&#x62;&#x65;&#x72;&#x67;&#x40;lr-r&#101;&#118;&#105;&#115;&#105;&#x6f;&#x6e;&#x2e;&#x73;&#x65;                        <\/a>\n                        <button class=\"button button--primary button--no-margin\" onClick=\"copyStringToClipboard('mali&#110;&#046;&#107;&#106;&#101;&#x6c;&#x6c;&#x62;&#x65;&#x72;&#x67;&#x40;lr-r&#101;&#118;&#105;&#115;&#105;&#x6f;&#x6e;&#x2e;&#x73;&#x65;')\" data-done=\"Kopierat!\">Kopiera<\/button>\n                    <\/div>\n                                                            <\/div>\n        <\/div>\n    <\/div>\n<\/div>\n<script>\n    function copyStringToClipboard(str) {\n        \/\/ Create new element\n        var el = document.createElement(\"textarea\");\n        \/\/ Set value (string to be copied)\n        el.value = str;\n        \/\/ Set non-editable to avoid focus and move outside of view\n        el.setAttribute(\"readonly\", \"\");\n        el.style = {\n            position: \"absolute\",\n            left: \"-9999px\"\n        };\n        document.body.appendChild(el);\n        \/\/ Select text inside element\n        el.select();\n        \/\/ Copy text to clipboard\n        document.execCommand(\"copy\");\n        \/\/ Remove temporary element\n        document.body.removeChild(el);\n\n        \/\/ change inner text to done state\n        event.target.innerText = event.target.dataset.done;\n    }\n<\/script>\n    <\/div>\n<\/div>\n<\/div>\n\n\n\n<div class=\"wp-block-column is-layout-flow wp-block-column-is-layout-flow\" style=\"flex-basis:33.33%\"><div id=\"share-block_604624f9025b7\" class=\"acf-block share my-2\">\n    <div class=\"block__content\">\n        <div class=\"font-bold text-dark\">\n            Dela eller skriv ut        <\/div>\n        <div class=\"icons flex space-x-2 mt-1\">\n            <span class=\"link link--primary-icon\" style=\"height: 1.5rem;\">\n                <a class=\"flex items-end justify-center off\" href='https:\/\/www.linkedin.com\/sharing\/share-offsite\/?url=https:\/\/lr-revision.se\/varberg\/lediga-jobb\/' target='_blank' rel='noreferrer noopener' style=\"width: 1.5rem; height: 1.5rem;\">\n                    <i class=\"fab fa-linkedin\"><\/i>\n                <\/a>\n            <\/span>\n            <span class=\"link link--primary-icon\" style=\"height: 1.5rem;\">\n                <a class=\"flex items-end justify-center off\" href='https:\/\/www.facebook.com\/sharer\/sharer.php?u=https:\/\/lr-revision.se\/varberg\/lediga-jobb\/' target='_blank' rel='noreferrer noopener' style=\"width: 1.5rem; height: 1.5rem;\">\n                    <i class=\"fab fa-facebook-f\"><\/i>\n                <\/a>\n            <\/span>\n            <span class=\"link link--primary-icon\" style=\"height: 1.5rem;\">\n                <a class=\"flex items-end justify-center\" href='mailto:&#x6d;&#x69;&#99;h&#x61;&#x65;&#108;&#46;a&#x6e;&#x64;&#101;&#114;s&#x65;&#x6e;&#64;lr&#x2d;&#x72;&#101;v&#x69;&#x73;&#105;&#111;n&#x2e;&#x73;&#101;?body=https%3A%2F%2Flr-revision.se%2Fvarberg%2Flediga-jobb%2F' target='_blank' rel='noreferrer noopener' style=\"width: 1.5rem; height: 1.5rem;\">\n                    <i class=\"fas fa-envelope\"><\/i>\n                <\/a>\n            <\/span>\n            <span class=\"link link--primary-icon\" style=\"height: 1.5rem;\">\n                <a class=\"flex items-end justify-center\" href='javascript:;' onclick=\"window.print();return false;\" target='_blank' rel='noreferrer noopener' style=\"width: 1.5rem; height: 1.5rem;\">\n                    <i class=\"fas fa-print\"><\/i>\n                <\/a>\n            <\/span>\n        <\/div>\n    <\/div>\n<\/div>\n<\/div>\n<\/div>\n","protected":false},"excerpt":{"rendered":"<p>Lediga jobb Vi \u00e4r intresserade av medarbetare som vill arbeta med redovisning, r\u00e5dgivning och revision i sm\u00e5 och medelstora f\u00f6retag. F\u00f6r att arbeta hos oss&#8230;<\/p>\n","protected":false},"author":1,"featured_media":1000001158,"parent":0,"menu_order":0,"comment_status":"closed","ping_status":"closed","template":"","meta":{"_acf_changed":false,"inline_featured_image":false,"footnotes":""},"page-category":[],"class_list":["post-1184","page","type-page","status-publish","has-post-thumbnail","hentry"],"acf":[],"publishpress_future_action":{"enabled":false,"date":"2026-04-23 00:27:02","action":"change-status","newStatus":"draft","terms":[],"taxonomy":"page-category","extraData":[]},"publishpress_future_workflow_manual_trigger":{"enabledWorkflows":[]},"_links":{"self":[{"href":"https:\/\/lr-revision.se\/varberg\/wp-json\/wp\/v2\/pages\/1184","targetHints":{"allow":["GET"]}}],"collection":[{"href":"https:\/\/lr-revision.se\/varberg\/wp-json\/wp\/v2\/pages"}],"about":[{"href":"https:\/\/lr-revision.se\/varberg\/wp-json\/wp\/v2\/types\/page"}],"author":[{"embeddable":true,"href":"https:\/\/lr-revision.se\/varberg\/wp-json\/wp\/v2\/users\/1"}],"replies":[{"embeddable":true,"href":"https:\/\/lr-revision.se\/varberg\/wp-json\/wp\/v2\/comments?post=1184"}],"version-history":[{"count":2,"href":"https:\/\/lr-revision.se\/varberg\/wp-json\/wp\/v2\/pages\/1184\/revisions"}],"predecessor-version":[{"id":1222,"href":"https:\/\/lr-revision.se\/varberg\/wp-json\/wp\/v2\/pages\/1184\/revisions\/1222"}],"wp:featuredmedia":[{"embeddable":true,"href":"https:\/\/lr-revision.se\/varberg\/wp-json\/"}],"wp:attachment":[{"href":"https:\/\/lr-revision.se\/varberg\/wp-json\/wp\/v2\/media?parent=1184"}],"wp:term":[{"taxonomy":"page-category","embeddable":true,"href":"https:\/\/lr-revision.se\/varberg\/wp-json\/wp\/v2\/page-category?post=1184"}],"curies":[{"name":"wp","href":"https:\/\/api.w.org\/{rel}","templated":true}]}}