{"id":30,"date":"2021-03-05T16:10:54","date_gmt":"2021-03-05T15:10:54","guid":{"rendered":"https:\/\/lr-revision.se\/swewik\/?page_id=30"},"modified":"2021-10-29T08:54:23","modified_gmt":"2021-10-29T06:54:23","slug":"kontakt","status":"publish","type":"page","link":"https:\/\/lr-revision.se\/swewik\/kontakt\/","title":{"rendered":"Kontakt"},"content":{"rendered":"<div id=\"template-posts-block_60b6300903ce8\" class=\"acf-block template-posts\">\n    <div class=\"block__content\">\n        <!-- wp:heading {\"textAlign\":\"center\"} -->\n<h2 class=\"title title--primary has-text-align-center\">Du har alltid n\u00e4ra till r\u00e5den du beh\u00f6ver i Visby<\/h2>\n<!-- \/wp:heading -->    <\/div>\n<\/div>\n\n\n<div id=\"employees-block_604249044ea11\" class=\"acf-block spacing-block employees\">\n    <div class=\"block__content\">\n                <div class=\"space-y-6 sm:space-y-0 item-grid item-grid--secondary\">\n            \n<div class=\"card card--primary card--vertical card--contact hover:shadow-md transition-all duration-500 border-t-8 border-primary max-w-md mx-auto \">\n        <header class=\"card__image card--vertical__image card--contact__image overflow-hidden\">\n        <img loading=\"lazy\" decoding=\"async\" width=\"560\" height=\"420\" src=\"https:\/\/lr-revision.se\/app\/uploads\/sites\/40\/2021\/10\/lars-s-swewik-bildvision-2021-gn-687a9722-560x420.jpg\" class=\"h-full w-full object-contain\" alt=\"\" srcset=\"https:\/\/lr-revision.se\/app\/uploads\/sites\/40\/2021\/10\/lars-s-swewik-bildvision-2021-gn-687a9722-560x420.jpg 560w, https:\/\/lr-revision.se\/app\/uploads\/sites\/40\/2021\/10\/lars-s-swewik-bildvision-2021-gn-687a9722.jpg 667w\" sizes=\"auto, (max-width: 560px) 100vw, 560px\" \/>    <\/header>\n        <div class=\"card__content card--secondary card--vertical__content card--contact__content\">\n        <div class=\"card__body\">\n                            <h2 class=\"card__title title title--primary text-xl my-0\">Lars Svensson<\/h2>\n                                            <div class=\"flex flex-col mb-3\">\n                                                    <div class=\"card__work-title font-bold text-sm leading-5\">Auktoriserad revisor<\/div>\n                                            <\/div>\n                                                        <div class=\"phone flex items-start mb-1\">\n                    <i class=\"fas fa-phone-alt mr-4 mt-1\" style=\"width:1.1rem; height: 1.1rem;\"><\/i>\n                                            <div class=\"flex flex-col\">\n                                                            <a class=\"phone link leading-6\" href=\"tel:0708188961\">\n                                    0708-18 89 61                                <\/a>\n                                                    <\/div>\n                                    <\/div>\n                                        <div class=\"card__email card--vertical__email card--contact__email flex justify-start items-center mb-1\">\n                    <i class=\"fas fa-envelope mr-4\" style=\"width:1.1rem; height: 1.1rem;\"><\/i>\n                    <a class=\"link link--default link--no-padding\" href=\"mailto:lars@swewikrevision.se\">\n                        lars@swewikrevision.se                    <\/a>\n                <\/div>\n                                                                <div class=\"card__about card--vertical__about card--contact__about slide-component\">\n                    <div class=\"slide-toggle flex font-bold justify-between items-center cursor-pointer\">\n                        <div class=\"pointer-events-none mt-3 mb-1\">\n                            <div class=\"text-base font-bold link link--primary link--underline\">\n                                L\u00e4s mer om Lars                            <\/div>\n                        <\/div>\n                        <i class='fas fa-chevron-down pointer-events-none text-primary'><\/i>\n                    <\/div>\n                    <div class=\"slide-content hidden\">\n                        <p>Auktoriserad revisor som arbetat ett antal \u00e5r i branschen och inledde sin bana som skatterevisor i mitten av 90 talet. Lars har under de senaste 13 \u00e5ren arbetat p\u00e5 de st\u00f6rre byr\u00e5erna och \u00e4ven hunnit med en egen liten l\u00e5da d\u00e4remellan. Fr\u00e5n och med \u00e5rsskiftet 2012 var det \u00e5terigen dags att g\u00e5 vidare till egen verksamhet. Fritiden \u00e4gnas \u00e5t sporadisk fysisk tr\u00e4ning samt den lilla g\u00e5rden som f\u00f6r tillf\u00e4llet har tv\u00e5 inhysta h\u00e4star. \u00d6vrig tid \u00e4gnas \u00e5t familjen och framf\u00f6rallt barnens fritidsintressen. Tog gr\u00f6nt kort i augusti 2012 och ser fram mot \u00e5rets \u201dduffar\u201d och \u201dluftsvingar\u201d.<\/p>\n                    <\/div>\n                <\/div>\n                    <\/div>\n    <\/div>\n<\/div>\n\n<div class=\"card card--primary card--vertical card--contact hover:shadow-md transition-all duration-500 border-t-8 border-primary max-w-md mx-auto \">\n        <header class=\"card__image card--vertical__image card--contact__image overflow-hidden\">\n        <img loading=\"lazy\" decoding=\"async\" width=\"560\" height=\"420\" src=\"https:\/\/lr-revision.se\/app\/uploads\/sites\/40\/2021\/10\/elisabet-g-swewik-2021-foto-bildvision-gn-9892-560x420.jpg\" class=\"h-full w-full object-contain\" alt=\"\" srcset=\"https:\/\/lr-revision.se\/app\/uploads\/sites\/40\/2021\/10\/elisabet-g-swewik-2021-foto-bildvision-gn-9892-560x420.jpg 560w, https:\/\/lr-revision.se\/app\/uploads\/sites\/40\/2021\/10\/elisabet-g-swewik-2021-foto-bildvision-gn-9892.jpg 667w\" sizes=\"auto, (max-width: 560px) 100vw, 560px\" \/>    <\/header>\n        <div class=\"card__content card--secondary card--vertical__content card--contact__content\">\n        <div class=\"card__body\">\n                            <h2 class=\"card__title title title--primary text-xl my-0\">Elisabet Guts\u00e4ter<\/h2>\n                                            <div class=\"flex flex-col mb-3\">\n                                                    <div class=\"card__work-title font-bold text-sm leading-5\">Auktoriserad redovisningskonsult<\/div>\n                                            <\/div>\n                                                        <div class=\"phone flex items-start mb-1\">\n                    <i class=\"fas fa-phone-alt mr-4 mt-1\" style=\"width:1.1rem; height: 1.1rem;\"><\/i>\n                                            <div class=\"flex flex-col\">\n                                                            <a class=\"phone link leading-6\" href=\"tel:0705923309\">\n                                    0705-92 33 09                                <\/a>\n                                                    <\/div>\n                                    <\/div>\n                                        <div class=\"card__email card--vertical__email card--contact__email flex justify-start items-center mb-1\">\n                    <i class=\"fas fa-envelope mr-4\" style=\"width:1.1rem; height: 1.1rem;\"><\/i>\n                    <a class=\"link link--default link--no-padding\" href=\"mailto:elisabet@swewikrevision.se\">\n                        elisabet@swewikrevision.se                    <\/a>\n                <\/div>\n                                                                <div class=\"card__about card--vertical__about card--contact__about slide-component\">\n                    <div class=\"slide-toggle flex font-bold justify-between items-center cursor-pointer\">\n                        <div class=\"pointer-events-none mt-3 mb-1\">\n                            <div class=\"text-base font-bold link link--primary link--underline\">\n                                L\u00e4s mer om Elisabet                            <\/div>\n                        <\/div>\n                        <i class='fas fa-chevron-down pointer-events-none text-primary'><\/i>\n                    <\/div>\n                    <div class=\"slide-content hidden\">\n                        <p>Auktoriserad redovisningskonsult med m\u00e5ng\u00e5rig erfarenhet av redovisning och l\u00f6nehantering. Med erfarenhet fr\u00e5n familjef\u00f6retagande har Elisabet en m\u00e5ls\u00e4ttning att alltid f\u00f6rs\u00f6ka g\u00f6ra kunden n\u00f6jd. \u00c4ven Elisabet har erfarenhet fr\u00e5n de st\u00f6rre byr\u00e5erna d\u00e4r hon varit verksam under de senaste 12 \u00e5ren tills hon under v\u00e5ren 2012 beslutade sig f\u00f6r att b\u00f6rja p\u00e5 en mindre byr\u00e5. Fritiden \u00e4gnas \u00e5t motorintresset d\u00e4r motorcyklar och bilar upptar en stor del av tiden men den \u00e5rliga skidresan till alperna skall inte f\u00f6rgl\u00f6mmas.<\/p>\n                    <\/div>\n                <\/div>\n                    <\/div>\n    <\/div>\n<\/div>\n\n<div class=\"card card--primary card--vertical card--contact hover:shadow-md transition-all duration-500 border-t-8 border-primary max-w-md mx-auto \">\n        <header class=\"card__image card--vertical__image card--contact__image overflow-hidden\">\n        <img loading=\"lazy\" decoding=\"async\" width=\"560\" height=\"420\" src=\"https:\/\/lr-revision.se\/app\/uploads\/sites\/40\/2021\/10\/mikael-j-swewik-2021-foto-bildvision-gn-9821-560x420.jpg\" class=\"h-full w-full object-contain\" alt=\"\" srcset=\"https:\/\/lr-revision.se\/app\/uploads\/sites\/40\/2021\/10\/mikael-j-swewik-2021-foto-bildvision-gn-9821-560x420.jpg 560w, https:\/\/lr-revision.se\/app\/uploads\/sites\/40\/2021\/10\/mikael-j-swewik-2021-foto-bildvision-gn-9821.jpg 667w\" sizes=\"auto, (max-width: 560px) 100vw, 560px\" \/>    <\/header>\n        <div class=\"card__content card--secondary card--vertical__content card--contact__content\">\n        <div class=\"card__body\">\n                            <h2 class=\"card__title title title--primary text-xl my-0\">Mikael Jakobsson<\/h2>\n                                            <div class=\"flex flex-col mb-3\">\n                                                    <div class=\"card__work-title font-bold text-sm leading-5\">Revisorsassistent<\/div>\n                                            <\/div>\n                                                        <div class=\"phone flex items-start mb-1\">\n                    <i class=\"fas fa-phone-alt mr-4 mt-1\" style=\"width:1.1rem; height: 1.1rem;\"><\/i>\n                                            <div class=\"flex flex-col\">\n                                                            <a class=\"phone link leading-6\" href=\"tel:0737297493\">\n                                    073-729 74 93                                <\/a>\n                                                    <\/div>\n                                    <\/div>\n                                        <div class=\"card__email card--vertical__email card--contact__email flex justify-start items-center mb-1\">\n                    <i class=\"fas fa-envelope mr-4\" style=\"width:1.1rem; height: 1.1rem;\"><\/i>\n                    <a class=\"link link--default link--no-padding\" href=\"mailto:mikael@swewikrevision.se\">\n                        mikael@swewikrevision.se                    <\/a>\n                <\/div>\n                                                        <\/div>\n    <\/div>\n<\/div>\n        <\/div>\n    <\/div>\n<\/div>\n\n\n<div id=\"map-block_6045d1e31abd8\" class=\"acf-block spacing-block map end-equalizer\">\n    <div class=\"block__content margin-fix\">\n                    <div class=\"typography text-max-width text-center mb-8\">\n                <h2 style=\"text-align: center\" class=\"title title--primary\">Hitta hit<\/h2>\n            <\/div>\n                <div class=\"members-map relative\">\n            <div class=\"members-map__map google-map\">\n                <div\n    class=\"marker\"\n    data-lat=\"57.6339931\"\n    data-lng=\"18.2908098\"\n>\n    <div class=\"marker__body\">\n        <h3 class=\"marker__title title title--primary title--hyphenate mt-0\">\n            Swewik Revision Gotland        <\/h3>\n        <div class=\"marker__content text-sm font-light\">\n                    <\/div>\n        <p class=\"address\">\n            S\u00f6derv\u00e4g 2, Visby, Sverige        <\/p>\n    <\/div>\n<\/div>\n            <\/div>\n        <\/div>\n    <\/div>\n<\/div>\n\n\n\n<p><\/p>\n","protected":false},"excerpt":{"rendered":"","protected":false},"author":1,"featured_media":0,"parent":0,"menu_order":0,"comment_status":"closed","ping_status":"closed","template":"","meta":{"_acf_changed":false,"inline_featured_image":false,"footnotes":""},"page-category":[],"class_list":["post-30","page","type-page","status-publish","hentry"],"acf":[],"publishpress_future_action":{"enabled":false,"date":"2026-04-26 11:52:11","action":"change-status","newStatus":"draft","terms":[],"taxonomy":"page-category","extraData":[]},"publishpress_future_workflow_manual_trigger":{"enabledWorkflows":[]},"_links":{"self":[{"href":"https:\/\/lr-revision.se\/swewik\/wp-json\/wp\/v2\/pages\/30","targetHints":{"allow":["GET"]}}],"collection":[{"href":"https:\/\/lr-revision.se\/swewik\/wp-json\/wp\/v2\/pages"}],"about":[{"href":"https:\/\/lr-revision.se\/swewik\/wp-json\/wp\/v2\/types\/page"}],"author":[{"embeddable":true,"href":"https:\/\/lr-revision.se\/swewik\/wp-json\/wp\/v2\/users\/1"}],"replies":[{"embeddable":true,"href":"https:\/\/lr-revision.se\/swewik\/wp-json\/wp\/v2\/comments?post=30"}],"version-history":[{"count":2,"href":"https:\/\/lr-revision.se\/swewik\/wp-json\/wp\/v2\/pages\/30\/revisions"}],"predecessor-version":[{"id":1266,"href":"https:\/\/lr-revision.se\/swewik\/wp-json\/wp\/v2\/pages\/30\/revisions\/1266"}],"wp:attachment":[{"href":"https:\/\/lr-revision.se\/swewik\/wp-json\/wp\/v2\/media?parent=30"}],"wp:term":[{"taxonomy":"page-category","embeddable":true,"href":"https:\/\/lr-revision.se\/swewik\/wp-json\/wp\/v2\/page-category?post=30"}],"curies":[{"name":"wp","href":"https:\/\/api.w.org\/{rel}","templated":true}]}}