{"id":1075,"date":"2021-03-08T15:17:26","date_gmt":"2021-03-08T13:17:26","guid":{"rendered":"https:\/\/lr-revision.se\/lr-revision-falkenberg\/lediga-jobb\/"},"modified":"2022-11-28T21:27:51","modified_gmt":"2022-11-28T20:27:51","slug":"lediga-jobb","status":"publish","type":"page","link":"https:\/\/lr-revision.se\/lr-revision-falkenberg\/lediga-jobb\/","title":{"rendered":"Lediga jobb"},"content":{"rendered":"\n<div class=\"wp-block-columns is-layout-flex wp-container-core-columns-is-layout-9d6595d7 wp-block-columns-is-layout-flex\">\n<div class=\"wp-block-column is-layout-flow wp-block-column-is-layout-flow\" style=\"flex-basis:70%\">\n<h1 class=\"title title--primary wp-block-heading\">Lediga jobb<\/h1>\n\n\n\n<p>Vi \u00e4r intresserade av medarbetare som vill arbeta med redovisning, r\u00e5dgivning och revision i sm\u00e5 och medelstora f\u00f6retag. F\u00f6r att arbeta hos oss \u00e4r r\u00e4tt kompetens en n\u00f6dv\u00e4ndighet, men \u00e4n viktigare \u00e4r ditt engagemang. <a href=\"https:\/\/lr-revision.se\/lr-revision-falkenberg\/kontakt\" target=\"_blank\" rel=\"noreferrer noopener\">Kontakta oss<\/a> om du \u00e4r intresserad.<\/p>\n\n\n<div id=\"jobs-block_6058b0aa7c0ef\" class=\"acf-block jobs\">\n    <div class=\"block__content space-y-4 spacing-block\">\n        \n<div class=\"accordion max-w-5xl mx-auto slide-component bg-tertiary shadow-sm\">\n    <div class=\"slide-toggle flex font-bold justify-between items-center py-5 px-8\">\n        <div class=\"max-w-content pointer-events-none pr-4 mr-auto\">\n            <div class=\"text-md font-bold\">\n                Erfaren revisor\/redovisningskonsult s\u00f6kes            <\/div>\n            <div class=\"text-sm font-light\">\n                            <\/div>\n        <\/div>\n        <i class='fas fa-chevron-down pointer-events-none'><\/i>\n    <\/div>\n    <div class=\"card__content typography hidden slide-content bg-neutral\">\n        <div class=\"md:flex\">\n            <div class=\"md:w-7\/12 p-8\">\n                <div class=\"max-w-4xl max-w-content\">\n                    <p>Vi s\u00f6ker en revisor\/redovisningskonsult till LR Revision Falkenberg AB. Vi \u00e4r en s k \u201dkombibyr\u00e5\u201d som erbjuder v\u00e5ra kunder tj\u00e4nster inom redovisning, revision, skatt och r\u00e5dgivning. V\u00e5ra kunder finns inom m\u00e5nga olika branscher och \u00e4r fr\u00e4mst f\u00e5mansbolag av varierande storlek.<\/p>\n<p>Vi s\u00f6ker dig med branscherfarenhet som har arbetat n\u00e5gra \u00e5r med revision, redovisning och g\u00e4rna med erfarenhet fr\u00e5n att sj\u00e4lvst\u00e4ndigt uppr\u00e4tta bokslut, \u00e5rsredovisningar och inkomstdeklarationer.<\/p>\n<p>Vi arbetar i n\u00e4ra kontakt med v\u00e5ra kunder vilket f\u00f6ruts\u00e4tter god kommunikationsf\u00f6rm\u00e5ga. Vi \u00e4r en liten arbetsplats och det \u00e4r viktigt att du \u00e4r prestigel\u00f6s och inte r\u00e4dd f\u00f6r att hj\u00e4lpa till n\u00e4r och d\u00e4r det beh\u00f6vs. God analytisk f\u00f6rm\u00e5ga samt en bra k\u00e4nsla f\u00f6r service f\u00f6r att kunna erbjuda v\u00e5ra kunder en h\u00f6g servicegrad d\u00e4r tillg\u00e4ngligheten \u00e4r viktig \u00e4r egenskaper som du har.<\/p>\n<p>Du f\u00e5r g\u00e4rna bo i n\u00e4rheten av Falkenberg d\u00e4r vi har v\u00e5rt kontor i centrala lokaler p\u00e5 Nygatan.<\/p>\n<p>Vi erbjuder m\u00f6jlighet till yrkesutveckling genom intressanta arbetsuppgifter och genom l\u00f6pande fortbildning.<\/p>\n<p>Tj\u00e4nsten \u00e4r en tillsvidareanst\u00e4llning p\u00e5 heltid. Tilltr\u00e4det \u00e4r snarast och ans\u00f6kningar behandlas l\u00f6pande.<\/p>\n<p>Vid fr\u00e5gor kontakta Roger Qvarnstr\u00f6m p\u00e5 telefon <a href=\"tel:+46708984323\">070 898 43 23<\/a> eller <a href=\"m&#97;&#105;&#x6c;&#x74;&#x6f;:r&#111;&#103;&#x65;&#x72;&#x2e;q&#118;&#97;&#114;&#x6e;&#x73;&#x74;r&#111;&#109;&#x40;&#x6c;&#x72;-r&#101;&#118;&#x69;&#x73;&#x69;o&#110;&#46;&#115;&#x65;\">&#114;&#x6f;&#103;&#x65;r&#46;&#x71;&#118;&#x61;r&#x6e;s&#116;&#x72;&#111;&#x6d;&#64;&#x6c;&#x72;&#45;&#x72;e&#x76;i&#115;&#x69;&#111;&#x6e;&#46;&#x73;e<\/a> som du \u00e4ven skickar din ans\u00f6kan till.<\/p>\n<p>Vi \u00e4r en del av LR Revision &amp; Redovisning i Sverige som \u00e4r ett n\u00e4tverk av revisorer och konsulter som ger oss tillg\u00e5ng till specialistkompetens, utbildning och ett internationellt n\u00e4tverk.<\/p>\n                <\/div>\n            <\/div>\n            <div class=\"md:w-5\/12 p-8\">\n                <div class=\"text-md font-bold mb-4\">\n                    Ans\u00f6kan                <\/div>\n                                    <div class=\"email-copy flex justify-between bg-tertiary mb-4\">\n                        <a href=\"mailto:&#114;&#x6f;&#x67;&#101;&#x72;&#x2e;&#113;&#x76;&#x61;&#114;&#x6e;&#x73;&#116;&#x72;&#x6f;&#109;&#x40;&#x6c;&#114;&#x2d;&#x72;&#101;&#x76;&#x69;&#115;&#x69;&#x6f;n&#x2e;&#x73;e\" class=\"flex-1 p-4 link link--primary font-normal h-full\">\n                            &#114;&#x6f;&#x67;&#101;&#x72;&#x2e;&#113;&#x76;&#x61;&#114;&#x6e;&#x73;&#116;&#x72;&#x6f;&#109;&#x40;&#x6c;&#114;&#x2d;&#x72;&#101;&#x76;&#x69;&#115;&#x69;&#x6f;n&#x2e;&#x73;e                        <\/a>\n                        <button class=\"button button--primary button--no-margin\" onClick=\"copyStringToClipboard('&#114;&#x6f;&#x67;&#101;&#x72;&#x2e;&#113;&#x76;&#x61;&#114;&#x6e;&#x73;&#116;&#x72;&#x6f;&#109;&#x40;&#x6c;&#114;&#x2d;&#x72;&#101;&#x76;&#x69;&#115;&#x69;&#x6f;n&#x2e;&#x73;e')\" data-done=\"Kopierat!\">Kopiera<\/button>\n                    <\/div>\n                                                            <\/div>\n        <\/div>\n    <\/div>\n<\/div>\n<script>\n    function copyStringToClipboard(str) {\n        \/\/ Create new element\n        var el = document.createElement(\"textarea\");\n        \/\/ Set value (string to be copied)\n        el.value = str;\n        \/\/ Set non-editable to avoid focus and move outside of view\n        el.setAttribute(\"readonly\", \"\");\n        el.style = {\n            position: \"absolute\",\n            left: \"-9999px\"\n        };\n        document.body.appendChild(el);\n        \/\/ Select text inside element\n        el.select();\n        \/\/ Copy text to clipboard\n        document.execCommand(\"copy\");\n        \/\/ Remove temporary element\n        document.body.removeChild(el);\n\n        \/\/ change inner text to done state\n        event.target.innerText = event.target.dataset.done;\n    }\n<\/script>\n    <\/div>\n<\/div>\n<\/div>\n\n\n\n<div class=\"wp-block-column is-layout-flow wp-block-column-is-layout-flow\" style=\"flex-basis:33.33%\"><\/div>\n<\/div>\n","protected":false},"excerpt":{"rendered":"<p>Lediga jobb Vi \u00e4r intresserade av medarbetare som vill arbeta med redovisning, r\u00e5dgivning och revision i sm\u00e5 och medelstora f\u00f6retag. F\u00f6r att arbeta hos oss&#8230;<\/p>\n","protected":false},"author":1,"featured_media":1000001158,"parent":0,"menu_order":0,"comment_status":"closed","ping_status":"closed","template":"","meta":{"_acf_changed":false,"inline_featured_image":false,"footnotes":""},"page-category":[],"class_list":["post-1075","page","type-page","status-publish","has-post-thumbnail","hentry"],"acf":[],"publishpress_future_action":{"enabled":false,"date":"2026-04-11 03:49:15","action":"change-status","newStatus":"draft","terms":[],"taxonomy":"page-category","extraData":[]},"publishpress_future_workflow_manual_trigger":{"enabledWorkflows":[]},"_links":{"self":[{"href":"https:\/\/lr-revision.se\/lr-revision-falkenberg\/wp-json\/wp\/v2\/pages\/1075","targetHints":{"allow":["GET"]}}],"collection":[{"href":"https:\/\/lr-revision.se\/lr-revision-falkenberg\/wp-json\/wp\/v2\/pages"}],"about":[{"href":"https:\/\/lr-revision.se\/lr-revision-falkenberg\/wp-json\/wp\/v2\/types\/page"}],"author":[{"embeddable":true,"href":"https:\/\/lr-revision.se\/lr-revision-falkenberg\/wp-json\/wp\/v2\/users\/1"}],"replies":[{"embeddable":true,"href":"https:\/\/lr-revision.se\/lr-revision-falkenberg\/wp-json\/wp\/v2\/comments?post=1075"}],"version-history":[{"count":2,"href":"https:\/\/lr-revision.se\/lr-revision-falkenberg\/wp-json\/wp\/v2\/pages\/1075\/revisions"}],"predecessor-version":[{"id":1285,"href":"https:\/\/lr-revision.se\/lr-revision-falkenberg\/wp-json\/wp\/v2\/pages\/1075\/revisions\/1285"}],"wp:featuredmedia":[{"embeddable":true,"href":"https:\/\/lr-revision.se\/lr-revision-falkenberg\/wp-json\/"}],"wp:attachment":[{"href":"https:\/\/lr-revision.se\/lr-revision-falkenberg\/wp-json\/wp\/v2\/media?parent=1075"}],"wp:term":[{"taxonomy":"page-category","embeddable":true,"href":"https:\/\/lr-revision.se\/lr-revision-falkenberg\/wp-json\/wp\/v2\/page-category?post=1075"}],"curies":[{"name":"wp","href":"https:\/\/api.w.org\/{rel}","templated":true}]}}