{"id":1028,"date":"2021-09-01T12:11:07","date_gmt":"2021-09-01T10:11:07","guid":{"rendered":"https:\/\/lr-revision.se\/lr-revision-falkenberg\/foretagsformer-tabell\/"},"modified":"2021-09-01T12:13:25","modified_gmt":"2021-09-01T10:13:25","slug":"foretagsformer-tabell","status":"publish","type":"page","link":"https:\/\/lr-revision.se\/lr-revision-falkenberg\/foretagsformer-tabell\/","title":{"rendered":"F\u00f6retagsformer"},"content":{"rendered":"\n<figure class=\"wp-block-table is-style-stripes\"><table class=\"has-fixed-layout\"><thead><tr><th class=\"has-text-align-left\" data-align=\"left\"><strong>Bolaget:<\/strong><\/th><th class=\"has-text-align-left\" data-align=\"left\"><strong>Enskild firma<\/strong><\/th><th class=\"has-text-align-left\" data-align=\"left\"><strong>Handelsbolag<\/strong><\/th><th class=\"has-text-align-left\" data-align=\"left\"><strong>Kommanditbolag<\/strong><\/th><th class=\"has-text-align-left\" data-align=\"left\"><strong>Aktiebolag (privat)<\/strong><\/th><th class=\"has-text-align-left\" data-align=\"left\"><strong>Ekonomisk f\u00f6rening<\/strong><\/th><\/tr><\/thead><tbody><tr><td class=\"has-text-align-left\" data-align=\"left\"><strong>Hur m\u00e5nga del\u00e4gare<\/strong><\/td><td class=\"has-text-align-left\" data-align=\"left\">En&nbsp;<\/td><td class=\"has-text-align-left\" data-align=\"left\">Minst tv\u00e5<\/td><td class=\"has-text-align-left\" data-align=\"left\">Minst tv\u00e5&nbsp;<\/td><td class=\"has-text-align-left\" data-align=\"left\">Minst en<\/td><td class=\"has-text-align-left\" data-align=\"left\">Minst tre&nbsp;<\/td><\/tr><tr><td class=\"has-text-align-left\" data-align=\"left\"><strong>Med vem ing\u00e5r man avtal?<\/strong><\/td><td class=\"has-text-align-left\" data-align=\"left\">\u00c4garen personligen<\/td><td class=\"has-text-align-left\" data-align=\"left\">Bolaget<\/td><td class=\"has-text-align-left\" data-align=\"left\">Bolaget<\/td><td class=\"has-text-align-left\" data-align=\"left\">Bolaget<\/td><td class=\"has-text-align-left\" data-align=\"left\">F\u00f6reningen<\/td><\/tr><tr><td class=\"has-text-align-left\" data-align=\"left\"><strong>Vem ansvarar f\u00f6r bolagets skulder betalas?<\/strong><\/td><td class=\"has-text-align-left\" data-align=\"left\">\u00c4garen personligen<\/td><td class=\"has-text-align-left\" data-align=\"left\">Del\u00e4garna personligen<\/td><td class=\"has-text-align-left\" data-align=\"left\">Minst en del\u00e4gare (komplement\u00e4r) personligen, \u00f6vriga (kommanditdel\u00e4gare) begr\u00e4nsat ansvar<\/td><td class=\"has-text-align-left\" data-align=\"left\">Bolaget<\/td><td class=\"has-text-align-left\" data-align=\"left\">F\u00f6reningen<\/td><\/tr><tr><td class=\"has-text-align-left\" data-align=\"left\"><strong>Skydd f\u00f6r namnet efter registrering<\/strong><\/td><td class=\"has-text-align-left\" data-align=\"left\">Ja, i l\u00e4net<\/td><td class=\"has-text-align-left\" data-align=\"left\">Ja, i l\u00e4net<\/td><td class=\"has-text-align-left\" data-align=\"left\">Ja, i l\u00e4net<\/td><td class=\"has-text-align-left\" data-align=\"left\">Ja, i hela landet<\/td><td class=\"has-text-align-left\" data-align=\"left\">Ja, i hela landet<\/td><\/tr><tr><td class=\"has-text-align-left\" data-align=\"left\"><strong>M\u00f6jlighet att registrera dom\u00e4n .se<\/strong><\/td><td class=\"has-text-align-left\" data-align=\"left\">Ja<\/td><td class=\"has-text-align-left\" data-align=\"left\">Ja<\/td><td class=\"has-text-align-left\" data-align=\"left\">Ja<\/td><td class=\"has-text-align-left\" data-align=\"left\">Ja&nbsp;<\/td><td class=\"has-text-align-left\" data-align=\"left\">Ja&nbsp;<\/td><\/tr><tr><td class=\"has-text-align-left\" data-align=\"left\"><strong>Krav p\u00e5 eget kapital<\/strong><\/td><td class=\"has-text-align-left\" data-align=\"left\">Inget<\/td><td class=\"has-text-align-left\" data-align=\"left\">Inget<\/td><td class=\"has-text-align-left\" data-align=\"left\">Inget<\/td><td class=\"has-text-align-left\" data-align=\"left\">Minst 25 000 kr&nbsp;<\/td><td class=\"has-text-align-left\" data-align=\"left\">Ja, best\u00e4ms av f\u00f6reningen<\/td><\/tr><tr><td class=\"has-text-align-left\" data-align=\"left\"><strong>F\u00f6rdelning av vinst eller f\u00f6rlust<\/strong><\/td><td class=\"has-text-align-left\" data-align=\"left\">\u00c4garen, viss m\u00f6jlighet till f\u00f6rdelning inom familjen<\/td><td class=\"has-text-align-left\" data-align=\"left\">Enligt avtal, saknas avtal likaf\u00f6rdelning som huvudregel<\/td><td class=\"has-text-align-left\" data-align=\"left\">Enligt avtal eller \u00f6verenskommelse mellan del\u00e4garna&nbsp;<\/td><td class=\"has-text-align-left\" data-align=\"left\">Vinst kan delas ut till del\u00e4garna som vinstutdelning efter \u00e4gande&nbsp;<\/td><td class=\"has-text-align-left\" data-align=\"left\">Vinst kan f\u00f6redelas efter medlemmarnas insats (t.ex. k\u00f6p eller f\u00f6rs\u00e4ljning till f\u00f6reningen) och vinstutdelning<\/td><\/tr><tr><td class=\"has-text-align-left\" data-align=\"left\"><strong>Bokf\u00f6ring<\/strong><\/td><td class=\"has-text-align-left\" data-align=\"left\">Ja<\/td><td class=\"has-text-align-left\" data-align=\"left\">Ja<\/td><td class=\"has-text-align-left\" data-align=\"left\">Ja&nbsp;<\/td><td class=\"has-text-align-left\" data-align=\"left\">Ja&nbsp;<\/td><td class=\"has-text-align-left\" data-align=\"left\">Ja&nbsp;<\/td><\/tr><tr><td class=\"has-text-align-left\" data-align=\"left\"><strong>\u00c5rsbokslut (inte offentligt)<\/strong><\/td><td class=\"has-text-align-left\" data-align=\"left\">Ja<\/td><td class=\"has-text-align-left\" data-align=\"left\">Ja, om fysiska personer \u00e4r del\u00e4gare<\/td><td class=\"has-text-align-left\" data-align=\"left\">Ja, om fysiska personer \u00e4r del\u00e4gare<\/td><td class=\"has-text-align-left\" data-align=\"left\"><\/td><td class=\"has-text-align-left\" data-align=\"left\"><\/td><\/tr><tr><td class=\"has-text-align-left\" data-align=\"left\"><strong>\u00c5rsredovisning (offentlig)<\/strong><\/td><td class=\"has-text-align-left\" data-align=\"left\">Nej<\/td><td class=\"has-text-align-left\" data-align=\"left\">Ja, om juridiska personer \u00e4r del\u00e4gare<\/td><td class=\"has-text-align-left\" data-align=\"left\">Ja, om juridiska personer \u00e4r del\u00e4gare<\/td><td class=\"has-text-align-left\" data-align=\"left\">Ja&nbsp;<\/td><td class=\"has-text-align-left\" data-align=\"left\">Ja<\/td><\/tr><tr><td class=\"has-text-align-left\" data-align=\"left\"><strong>Revision<\/strong><\/td><td class=\"has-text-align-left\" data-align=\"left\">Nej<\/td><td class=\"has-text-align-left\" data-align=\"left\">Om juridiska personer \u00e4r del\u00e4gare och f\u00f6retaget har viss storlek<\/td><td class=\"has-text-align-left\" data-align=\"left\">Om juridiska personer \u00e4r del\u00e4gare och f\u00f6retag har en viss storlek<\/td><td class=\"has-text-align-left\" data-align=\"left\">Om f\u00f6retaget har en viss storlek kr\u00e4vs godk\u00e4nd eller auktoriserad revisor<\/td><td class=\"has-text-align-left\" data-align=\"left\">Ja, godk\u00e4nd eller auktoriserad revisor om viss storlek<\/td><\/tr><tr><td class=\"has-text-align-left\" data-align=\"left\"><strong>F\u00f6rdelning av vinst eller f\u00f6rlust<\/strong><\/td><td class=\"has-text-align-left\" data-align=\"left\">\u00c4garen, viss m\u00f6jlighet till f\u00f6rdelning inom familjen<\/td><td class=\"has-text-align-left\" data-align=\"left\">Enligt avtal, saknas avtal likaf\u00f6rdelning som huvudregel<\/td><td class=\"has-text-align-left\" data-align=\"left\">Enligt avtal eller \u00f6verenskommelse mellan del\u00e4garna&nbsp;<\/td><td class=\"has-text-align-left\" data-align=\"left\">Vinst kan delas ut till del\u00e4garna som vinstutdelning efter \u00e4gande&nbsp;<\/td><td class=\"has-text-align-left\" data-align=\"left\">Vinst kan f\u00f6rdelas efter insats i f\u00f6reningen (t.ex. ink\u00f6p eller f\u00f6rs\u00e4ljning till f\u00f6reningen) eller som vinstutdelning efter \u00e4gande<\/td><\/tr><tr><td class=\"has-text-align-left\" data-align=\"left\"><strong>Vem betalar skatt p\u00e5 vinsten?<\/strong><\/td><td class=\"has-text-align-left\" data-align=\"left\">\u00c4garen<\/td><td class=\"has-text-align-left\" data-align=\"left\">Del\u00e4garna&nbsp;<\/td><td class=\"has-text-align-left\" data-align=\"left\">Del\u00e4garna<\/td><td class=\"has-text-align-left\" data-align=\"left\">Bolaget och del\u00e4garna f\u00f6r den del som delas ut<\/td><td class=\"has-text-align-left\" data-align=\"left\">Bolaget och medlemmarna f\u00f6r den del som delas ut<\/td><\/tr><tr><td class=\"has-text-align-left\" data-align=\"left\"><strong>Kan man l\u00e5na pengar av f\u00f6retaget<\/strong><\/td><td class=\"has-text-align-left\" data-align=\"left\">&#8221;Ja&#8221;<\/td><td class=\"has-text-align-left\" data-align=\"left\">Ja, begr\u00e4nsningar i vissa fall<\/td><td class=\"has-text-align-left\" data-align=\"left\">Ja, begr\u00e4nsningar i vissa fall<\/td><td class=\"has-text-align-left\" data-align=\"left\">Nej<\/td><td class=\"has-text-align-left\" data-align=\"left\">Nej<\/td><\/tr><tr><td class=\"has-text-align-left\" data-align=\"left\"><strong>Registrering<\/strong><\/td><td class=\"has-text-align-left\" data-align=\"left\">Skatteverket, f\u00f6r namnskydd \u00e4ven hos Bolagsverket<\/td><td class=\"has-text-align-left\" data-align=\"left\">Skatteverket och Bolagsverket<\/td><td class=\"has-text-align-left\" data-align=\"left\">Skatteverket och Bolagsverket<\/td><td class=\"has-text-align-left\" data-align=\"left\">Skatteverket och Bolagsverket<\/td><td class=\"has-text-align-left\" data-align=\"left\">Skatteverket och Bolagsverket<\/td><\/tr><tr><td class=\"has-text-align-left\" data-align=\"left\"><strong>\u00c4garens eget arbete<\/strong><\/td><td class=\"has-text-align-left\" data-align=\"left\"><\/td><td class=\"has-text-align-left\" data-align=\"left\"><\/td><td class=\"has-text-align-left\" data-align=\"left\"><\/td><td class=\"has-text-align-left\" data-align=\"left\"><\/td><td class=\"has-text-align-left\" data-align=\"left\"><\/td><\/tr><tr><td class=\"has-text-align-left\" data-align=\"left\"><strong>\u00c4r \u00e4garen anst\u00e4lld och kan ta l\u00f6n?<\/strong><\/td><td class=\"has-text-align-left\" data-align=\"left\">Nej<\/td><td class=\"has-text-align-left\" data-align=\"left\">Nej&nbsp;<\/td><td class=\"has-text-align-left\" data-align=\"left\">Nej<\/td><td class=\"has-text-align-left\" data-align=\"left\">Ja<\/td><td class=\"has-text-align-left\" data-align=\"left\">Ja<\/td><\/tr><tr><td class=\"has-text-align-left\" data-align=\"left\"><strong>Hur beskattas arbetsinsatserna<\/strong><\/td><td class=\"has-text-align-left\" data-align=\"left\">Skatt p\u00e5 \u00f6verskottet oberoende av \u00e4garens uttag<\/td><td class=\"has-text-align-left\" data-align=\"left\">Skatt p\u00e5 \u00f6verskottet oberoende av&nbsp; del\u00e4garens uttag<\/td><td class=\"has-text-align-left\" data-align=\"left\">Skatt p\u00e5 \u00f6verskottet oberoende av del\u00e4garens uttag<\/td><td class=\"has-text-align-left\" data-align=\"left\">Skatt p\u00e5 l\u00f6nen<\/td><td class=\"has-text-align-left\" data-align=\"left\">Skatt p\u00e5 l\u00f6nen<\/td><\/tr><tr><td class=\"has-text-align-left\" data-align=\"left\"><strong>Inbetalning av skatt<\/strong><\/td><td class=\"has-text-align-left\" data-align=\"left\">F-skatt 1\/12 av \u00e5rets ber\u00e4knade \u00f6verskott varje m\u00e5nad<\/td><td class=\"has-text-align-left\" data-align=\"left\">F-skatt 1\/12 hos del\u00e4gare av \u00e5rets ber\u00e4knade \u00f6verskott varje m\u00e5nad.&nbsp;<\/td><td class=\"has-text-align-left\" data-align=\"left\">F-skatt 1\/12 hos del\u00e4gare av \u00e5rets ber\u00e4knade \u00f6verskott varje m\u00e5nad.<\/td><td class=\"has-text-align-left\" data-align=\"left\">Bolaget g\u00f6r skatteavdrag, deklarerar och betalar in skatten p\u00e5 l\u00f6n varje m\u00e5nad<\/td><td class=\"has-text-align-left\" data-align=\"left\">F\u00f6reningen g\u00f6r skatteavdrag, deklarerar och betalar in skatten p\u00e5 l\u00f6n varje m\u00e5nad<\/td><\/tr><tr><td class=\"has-text-align-left\" data-align=\"left\"><strong>Underlag f\u00f6r sjukpenning och pensionsgrundande inkomst<\/strong><\/td><td class=\"has-text-align-left\" data-align=\"left\">\u00d6verskottet<\/td><td class=\"has-text-align-left\" data-align=\"left\">Del\u00e4garens andel av \u00f6verskottet<\/td><td class=\"has-text-align-left\" data-align=\"left\">Del\u00e4garens andel av \u00f6verskottet<\/td><td class=\"has-text-align-left\" data-align=\"left\">Uttagen l\u00f6n<\/td><td class=\"has-text-align-left\" data-align=\"left\">Uttagen l\u00f6n<\/td><\/tr><\/tbody><\/table><\/figure>\n","protected":false},"excerpt":{"rendered":"<p>Bolaget: Enskild firma Handelsbolag Kommanditbolag Aktiebolag (privat) Ekonomisk f\u00f6rening Hur m\u00e5nga del\u00e4gare En&nbsp; Minst tv\u00e5 Minst tv\u00e5&nbsp; Minst en Minst tre&nbsp; Med vem ing\u00e5r man&#8230;<\/p>\n","protected":false},"author":1,"featured_media":0,"parent":0,"menu_order":0,"comment_status":"closed","ping_status":"closed","template":"","meta":{"_acf_changed":false,"inline_featured_image":false,"footnotes":""},"page-category":[],"class_list":["post-1028","page","type-page","status-publish","hentry"],"acf":[],"publishpress_future_action":{"enabled":false,"date":"2026-04-15 11:15:49","action":"change-status","newStatus":"draft","terms":[],"taxonomy":"page-category","extraData":[]},"publishpress_future_workflow_manual_trigger":{"enabledWorkflows":[]},"_links":{"self":[{"href":"https:\/\/lr-revision.se\/lr-revision-falkenberg\/wp-json\/wp\/v2\/pages\/1028","targetHints":{"allow":["GET"]}}],"collection":[{"href":"https:\/\/lr-revision.se\/lr-revision-falkenberg\/wp-json\/wp\/v2\/pages"}],"about":[{"href":"https:\/\/lr-revision.se\/lr-revision-falkenberg\/wp-json\/wp\/v2\/types\/page"}],"author":[{"embeddable":true,"href":"https:\/\/lr-revision.se\/lr-revision-falkenberg\/wp-json\/wp\/v2\/users\/1"}],"replies":[{"embeddable":true,"href":"https:\/\/lr-revision.se\/lr-revision-falkenberg\/wp-json\/wp\/v2\/comments?post=1028"}],"version-history":[{"count":0,"href":"https:\/\/lr-revision.se\/lr-revision-falkenberg\/wp-json\/wp\/v2\/pages\/1028\/revisions"}],"wp:attachment":[{"href":"https:\/\/lr-revision.se\/lr-revision-falkenberg\/wp-json\/wp\/v2\/media?parent=1028"}],"wp:term":[{"taxonomy":"page-category","embeddable":true,"href":"https:\/\/lr-revision.se\/lr-revision-falkenberg\/wp-json\/wp\/v2\/page-category?post=1028"}],"curies":[{"name":"wp","href":"https:\/\/api.w.org\/{rel}","templated":true}]}}