{"id":1834,"date":"2021-04-14T14:35:08","date_gmt":"2021-04-14T13:35:08","guid":{"rendered":"https:\/\/lr-revision.se\/gorevision\/affarsutveckling\/"},"modified":"2026-03-09T10:13:49","modified_gmt":"2026-03-09T09:13:49","slug":"affarsutveckling","status":"publish","type":"page","link":"https:\/\/lr-revision.se\/gorevision\/affarsutveckling\/","title":{"rendered":"Aff\u00e4rsutveckling"},"content":{"rendered":"\n<div class=\"wp-block-columns is-layout-flex wp-container-core-columns-is-layout-9d6595d7 wp-block-columns-is-layout-flex\">\n<div class=\"wp-block-column is-layout-flow wp-block-column-is-layout-flow\" style=\"flex-basis:66.66%\">\n<p class=\"is-style-thinn\">F\u00e5 hj\u00e4lp med Aff\u00e4rsutveckling:<\/p>\n\n\n\n<h1 class=\"title title--primary wp-block-heading\" id=\"bollplank-for-ratt-vagval\"><strong>Bollplank f\u00f6r r\u00e4tt v\u00e4gval<\/strong><\/h1>\n\n\n\n<p>Ett f\u00f6retag genomg\u00e5r m\u00e5nga olika faser i sin utveckling och interna f\u00f6r\u00e4ndringar liksom omv\u00e4rldsf\u00f6r\u00e4ndringar p\u00e5verkar hur f\u00f6retaget b\u00e4st drivs vidare.&nbsp;<\/p>\n\n\n\n<p>Det kan handla om en f\u00f6r\u00e4ndrad konkurrenssituation eller f\u00f6r\u00e4ndrade konsumtionsm\u00f6nster. Hur ska ditt f\u00f6retag m\u00f6ta utmaningarna. Vi har kompetens och erfarenhet fr\u00e5n m\u00e5nga omr\u00e5den och f\u00f6retag och kan fungera som bollplank och st\u00e4lla fr\u00e5gorna som g\u00f6r att ni kommer vidare i processen. Exempelvis kring:<\/p>\n\n\n\n<p>\u2013&nbsp;nya krav vad g\u00e4ller kvalitetss\u00e4kring<\/p>\n\n\n\n<p>\u2013 utmaningar kring kvalitetsstyrning<\/p>\n\n\n\n<p>\u2013&nbsp;teknikutveckling<\/p>\n\n\n\n<p>\u2013&nbsp;digitalisering<\/p>\n\n\n\n<p>\u2013&nbsp;klimatfr\u00e5gor och mycket mer.<\/p>\n\n\n\n<p>En genomarbetad aff\u00e4rsplan med prognoser och budget som \u00e4r realistiska och st\u00e4mmer med verkligheten \u00e4r viktiga verktyg. Vi kan hj\u00e4lpa till att ta fram de underlag som beh\u00f6vs.&nbsp;<\/p>\n\n\n\n<p>H\u00e4r kan vi p\u00e5 LR Revision &amp; Redovisning bidra genom att ta fram en aff\u00e4rsplan, st\u00e4lla de avg\u00f6rande fr\u00e5gorna och vara bollplank f\u00f6r alternativ och id\u00e9er. Vilken v\u00e4g \u00e4r mest h\u00e5llbar, l\u00f6nsam och effektiv f\u00f6r just ditt f\u00f6retag?<\/p>\n\n\n\n<h3 class=\"title title--primary wp-block-heading\" id=\"las-mer-om\">L\u00e4s mer om:<\/h3>\n\n\n\n<ul class=\"list list--default wp-block-list\">\n<li><a href=\"https:\/\/lr-revision.se\/vara-tjanster\/radgivning\/konkurrentanalyser\/\">Konkurrentanalyser<\/a><\/li>\n\n\n\n<li><a href=\"https:\/\/lr-revision.se\/vara-tjanster\/radgivning\/foretag-i-kris\/\">R\u00e5dgivning f\u00f6r f\u00f6retag i kris<\/a><\/li>\n\n\n\n<li><a href=\"https:\/\/lr-revision.se\/vara-tjanster\/radgivning\/affarsplaner\/\">Aff\u00e4rsplan<\/a><\/li>\n<\/ul>\n\n\n\n<p><a href=\"https:\/\/lr-revision.se\/hitta-kontor\/\" data-type=\"page\" data-id=\"56\">Hitta ditt n\u00e4rmaste kontor s\u00e5 hj\u00e4lper vi dig vidare<\/a>!<\/p>\n<\/div>\n\n\n\n<div class=\"wp-block-column is-layout-flow wp-block-column-is-layout-flow\" style=\"flex-basis:33.33%\"><div id=\"template-posts-block_eca464b32e83ce66ecf94c22cc1d2649\" class=\"acf-block template-posts\">\n    <div class=\"block__content\">\n        <!-- wp:group {\"backgroundColor\":\"blue\",\"textColor\":\"white\"} -->\n<div class=\"wp-block-group has-white-color has-blue-background-color has-text-color has-background\"><div class=\"wp-block-group__inner-container\"><!-- wp:paragraph -->\n<p><strong><strong>Med oss p\u00e5 Go Revision &amp; Consulting i Stockholm f\u00e5r du:<\/strong><\/strong><\/p>\n<!-- \/wp:paragraph -->\n\n<!-- wp:list -->\n<ul class=\"list list--default\"><li>Rutinerade r\u00e5dgivare<\/li><li>Specialistkompetens<\/li><li>Hj\u00e4lp med aff\u00e4rsplan m m<\/li><li>Personlig kontakt<\/li><\/ul>\n<!-- \/wp:list --><\/div><\/div>\n<!-- \/wp:group -->\n\n<!-- wp:paragraph -->\n<p><\/p>\n<!-- \/wp:paragraph -->    <\/div>\n<\/div>\n\n\n<\/div>\n<\/div>\n\n\n\n<div class=\"wp-block-media-text has-media-on-the-right is-stacked-on-mobile equalizer-bottom has-white-background-color has-background\" style=\"grid-template-columns:auto 27%\"><div class=\"wp-block-media-text__content\">\n<h2 class=\"title title--primary wp-block-heading\" id=\"utbildade-och-erfarna-affarsradgivare\"><strong>Utbildade och erfarna aff\u00e4rsr\u00e5dgivare<\/strong><\/h2>\n\n\n\n<p>R\u00e5dgivning ing\u00e5r som en naturlig del i rollen som redovisningskonsult eller revisor. R\u00e5dgivningen t\u00e4cker in ett stort spann fr\u00e5n enklare fr\u00e5gor kring regler och system till mer \u00f6vergripande r\u00e5dgivning kring ekonomin och aff\u00e4rerna.&nbsp;<\/p>\n\n\n\n<p>Vi p\u00e5 LR Revision &amp; Redovisning har best\u00e4mt oss om att ligga i framkant n\u00e4r det g\u00e4ller vidareutbildning och kompetensutveckling f\u00f6r v\u00e5ra r\u00e5dgivare. Vi deltar i interna utbildningar och externa utbildningar.<\/p>\n\n\n\n<p>Det som dessutom bidrar stort till v\u00e5r kompetens i rollen som aff\u00e4rsr\u00e5dgivare \u00e4r den ackumulerade erfarenheten som vi delar. Vi har erfarenhet fr\u00e5n m\u00e5nga branscher och verksamheter som kan benchmarkas mot din. I v\u00e5rt rikst\u00e4ckande samarbete finns experter p\u00e5 en l\u00e5ng rad omr\u00e5den vars kunskap blir tillg\u00e4nglig \u00e4ven f\u00f6r dig.<\/p>\n\n\n\n<p><em>Hos oss har vi dessutom aff\u00e4rsr\u00e5dgivare som \u00e4r certifierade av FAR\/SRF som en ytterligare garanti f\u00f6r att du f\u00e5r r\u00e4tt hj\u00e4lp.<\/em><\/p>\n<\/div><figure class=\"wp-block-media-text__media\"><img decoding=\"async\" src=\"https:\/\/lr-revision.se\/app\/uploads\/2021\/03\/istock-1127489700-850x560.jpg\" alt=\"\" class=\"wp-image-788 size-full\"\/><\/figure><\/div>\n","protected":false},"excerpt":{"rendered":"<p>F\u00e5 hj\u00e4lp med Aff\u00e4rsutveckling: Bollplank f\u00f6r r\u00e4tt v\u00e4gval Ett f\u00f6retag genomg\u00e5r m\u00e5nga olika faser i sin utveckling och interna f\u00f6r\u00e4ndringar liksom omv\u00e4rldsf\u00f6r\u00e4ndringar p\u00e5verkar hur f\u00f6retaget&#8230;<\/p>\n","protected":false},"author":1,"featured_media":1835,"parent":0,"menu_order":0,"comment_status":"closed","ping_status":"closed","template":"","meta":{"_acf_changed":false,"inline_featured_image":false,"footnotes":""},"page-category":[9],"class_list":["post-1834","page","type-page","status-publish","has-post-thumbnail","hentry","page-category-radgivning"],"acf":[],"publishpress_future_action":{"enabled":false,"date":"2026-04-12 18:24:39","action":"change-status","newStatus":"draft","terms":[],"taxonomy":"page-category","extraData":[]},"publishpress_future_workflow_manual_trigger":{"enabledWorkflows":[]},"_links":{"self":[{"href":"https:\/\/lr-revision.se\/gorevision\/wp-json\/wp\/v2\/pages\/1834","targetHints":{"allow":["GET"]}}],"collection":[{"href":"https:\/\/lr-revision.se\/gorevision\/wp-json\/wp\/v2\/pages"}],"about":[{"href":"https:\/\/lr-revision.se\/gorevision\/wp-json\/wp\/v2\/types\/page"}],"author":[{"embeddable":true,"href":"https:\/\/lr-revision.se\/gorevision\/wp-json\/wp\/v2\/users\/1"}],"replies":[{"embeddable":true,"href":"https:\/\/lr-revision.se\/gorevision\/wp-json\/wp\/v2\/comments?post=1834"}],"version-history":[{"count":2,"href":"https:\/\/lr-revision.se\/gorevision\/wp-json\/wp\/v2\/pages\/1834\/revisions"}],"predecessor-version":[{"id":2311,"href":"https:\/\/lr-revision.se\/gorevision\/wp-json\/wp\/v2\/pages\/1834\/revisions\/2311"}],"wp:featuredmedia":[{"embeddable":true,"href":"https:\/\/lr-revision.se\/gorevision\/wp-json\/wp\/v2\/media\/1835"}],"wp:attachment":[{"href":"https:\/\/lr-revision.se\/gorevision\/wp-json\/wp\/v2\/media?parent=1834"}],"wp:term":[{"taxonomy":"page-category","embeddable":true,"href":"https:\/\/lr-revision.se\/gorevision\/wp-json\/wp\/v2\/page-category?post=1834"}],"curies":[{"name":"wp","href":"https:\/\/api.w.org\/{rel}","templated":true}]}}